-6820 + 1769, 0 = 2*t + r*f - 2518. Is (-20)/(-25) - t/(-10) composite?
False
Suppose 104*j - 859266 = 187*j - 101*j. Is j a composite number?
False
Let b(f) = 133*f**3 + f**2 + 29*f - 8. Suppose -41*w = -12*w - 145. Is b(w) prime?
True
Let c(g) = -456412*g + 189. Is c(-2) composite?
False
Let l be (-270)/1 - (-1 + 0). Is l/((49/91)/(-7)) prime?
False
Is 13452/(-24662) - 10*(-8191478)/44 a composite number?
True
Let c(p) = p**3 - 14*p**2 + 20*p - 19. Let u be 140/30*(-12)/(-14). Suppose j = -3*i + 49, 0*j = u*i + 4*j - 68. Is c(i) composite?
True
Let w(q) = q**2 - 5*q - 35. Let i be w(-5). Is i/45 - (-2696)/3 a composite number?
True
Let i be 47 + 1 - (-31 + 33). Suppose 3*o + 4*g - 8363 = 0, 42*g = i*g + 4. Is o a composite number?
False
Let v(f) = -10 + 2*f - 5 + 12 - 8. Let x be v(7). Suppose 0 = -n - i - 514 + 1673, -5803 = -5*n - x*i. Is n a prime number?
True
Suppose 699102 = 72*c - 66*c. Let g = -209182 + c. Is (-7)/(63/2) - g/45 prime?
False
Let t(k) be the third derivative of -k**5/60 - 5*k**4/24 + k**3 - 16*k**2. Let r be t(-8). Is -49*(33/(-27) - 4/r) a prime number?
False
Let x(b) be the third derivative of 147*b**5/10 + b**4/6 - b**3/6 - 23*b**2. Is x(-1) composite?
False
Let x(u) = 7470*u**2 - 76*u + 303. Is x(4) a prime number?
False
Let v(k) = 733*k**3 + 2*k**2 + 38*k - 122. Is v(3) composite?
False
Let i be (-117 - 4) + 1 + -3. Let w = i - -132. Let b(m) = 8*m**2 + 11*m + 4. Is b(w) a prime number?
True
Is (-126624)/72*(-132)/16 a prime number?
False
Suppose -2*g + 75391 = g + 4*y, 5*y - 703714 = -28*g. Is g a prime number?
False
Is (510/(-204))/((-5)/356026) a composite number?
True
Let c = 67594 - -98263. Is c composite?
False
Let x = -57462 + 37478. Let m = 2931 - x. Is m prime?
False
Let z(v) = v**3 - 25*v**2 + 2*v - 47. Let k be z(25). Suppose -10 = 5*d + 5*c, 2*c = -7*d + k*d. Suppose -d*j + 945 = i, -3*j - i + 1410 = -2*i. Is j composite?
True
Let r = 1137477 - 62576. Is r a composite number?
False
Let f be (162/(-4))/(-9) - (-2)/4. Let d be (1 + f)*(0 - (4 - 2)). Let t(l) = -36*l + 14. Is t(d) composite?
True
Suppose 0 = -60*q + 65*q - 480. Is (21048/q)/((-1)/(-4)) composite?
False
Let g(r) = 1829*r**2 + 4*r - 19. Let o be g(-4). Let d = o + -20662. Is d prime?
False
Let w = 64 - 64. Let z be (2 + -1)*2/4*w. Is 330 - (4 - z)/(-4) a composite number?
False
Let y(r) be the second derivative of -r**5/20 + 7*r**4/4 - 7*r**3/3 - 17*r**2/2 + 25*r. Is y(16) composite?
False
Suppose -4*i + k = -52764, -4*i + i + 39573 = 5*k. Suppose 0 = -15*j + 12*j + i. Is j composite?
False
Suppose -5*h + d + 25715 = -4*d, d = 2*h - 10284. Suppose 2*f + f = 2*s + h, 3*f = -3*s + 5121. Is f a composite number?
True
Let v be (-1038)/(-8)*(-2 + 50/15). Let k = 1390 - v. Is k composite?
False
Let h(a) = -a**3 + 4*a**2 + 18*a + 22. Let s be h(13). Let z = s - -2826. Is z a prime number?
False
Suppose -58*d + 10*d - 1706208 = 0. Let y = 5927 - d. Is y a prime number?
False
Let i be 2/9 + 192/108. Suppose 2*f + j - 12 = 4*j, i*j + 10 = 2*f. Suppose f*a - 4*b = 2199, 5*a - b - 3682 = -0*b. Is a a composite number?
True
Suppose 6*c + 2 = 20. Suppose -c*m = 3*i - 12306, -5*m + 0*m + 5*i = -20460. Is m a prime number?
False
Let c = -46 + 49. Suppose 3*l - 15 = -k + 4*k, 25 = c*l - k. Is l/(-8) - 10311/(-28) a prime number?
True
Let y = 1959 - -5216. Suppose -37373 = -14*g - y. Is g composite?
True
Suppose 0 = 4*j + 5*p + 13558 + 19069, -4*p = 5*j + 40795. Is (-4)/(-5) + (j/(-15) - 3) composite?
True
Suppose 0 = 2*h - 4*r + 91830, -2*h + 5*h + 2*r + 137769 = 0. Is h/(-24) - (-3)/(-8) prime?
True
Let o = 835660 - 560033. Is o prime?
False
Is (-31)/((-4185)/2248815) - (-2)/18 a prime number?
False
Let j(y) = 4*y - 41678. Let p be j(0). Let f = -81 - -84. Is p/(-39) + (-5)/f prime?
False
Suppose 0 = -4*x - 24, 17*u - x = 22*u - 434309. Is u a composite number?
True
Let k = -30 + 26. Let j = k + 7. Suppose j*p + p = 5*g - 1727, 4*g = -5*p + 1398. Is g a composite number?
False
Suppose -17*d + 26251 = -2921. Let r = -1250 + 413. Let m = d + r. Is m composite?
True
Is 0/(1 - 2) - ((22 - 31855) + -2) prime?
False
Suppose -5*t = 2*o - 12979, -2*t - o = -2*o - 5197. Suppose -4*m - 5*k + 3460 = -k, -3*m + t = k. Let r = m - 559. Is r prime?
True
Suppose 3*j + 1605 = 16359. Let d(h) = -j*h + 364*h + 603*h - 1. Is d(-2) a composite number?
False
Suppose -15*t - 24*t + 9388983 = -1331766. Is t prime?
False
Let f(m) = m**2 + 7*m + 3. Let i = 37 + -25. Let r(p) = -3*p + 27. Let q be r(i). Is f(q) a prime number?
False
Suppose 4*x + l = -0*l - 3, -25 = 5*x - 3*l. Let q(g) = -46*g**3 - 14*g**3 + 1 + 2*g**2 - 29*g + 30*g. Is q(x) a composite number?
False
Let o = -275513 - -399804. Is o composite?
False
Let m be (1/1 + 2)*(-39280)/(-24). Let i = 530 + m. Suppose -j = 4*x - i, -x - x - j + 2718 = 0. Is x composite?
False
Suppose -3*b + 5*m + 1310400 = 2*m, 1747206 = 4*b + 2*m. Is b a prime number?
True
Suppose -c + 1 = 2*p + p, -2 = -2*c. Suppose -5*u + 102 - 42 = p. Is (-3)/u + (-14394)/(-8) composite?
True
Let q(s) = 2*s**3 - 18*s**2 + 22*s + 34. Let w be q(11). Suppose 15 = -5*p, -f + 2*p = -w - 829. Is f a prime number?
True
Suppose -17*n - 407806 = -3*n. Let v = n - -62183. Suppose 9398 = -8*s + v. Is s a composite number?
False
Is 7/((-21)/(-12)) - -1194*(-9032)/(-16) a composite number?
False
Is (-2502320)/(-45) + ((-196)/63 - -3) a prime number?
False
Suppose 92*j + 523390 = 87*j. Is j/(-8) - (-12 + 470/40) prime?
False
Suppose -12*v = -19*v + 28. Suppose 0 = -k - 3*k - 684. Is v/(-16)*(k + -1) composite?
False
Let p(u) = 252*u + 59. Suppose 0 = o - 7*o + 84. Is p(o) prime?
False
Let m(a) = 79*a - 939. Let o be m(68). Suppose f + f = 5480. Let x = o - f. Is x prime?
True
Let f be -1 + 7/(-4 - -5). Is (20752 - (7 - 10)) + f a composite number?
True
Let n(t) = 50*t**2 - 51*t + 62. Is n(-33) a prime number?
False
Let b(g) = -513461*g + 11442. Is b(-4) prime?
False
Let u be (-4)/((344/164 - 2)/22). Let g(h) = h**3 - 6*h**2 - 11*h - 11. Let w be g(-7). Let t = w - u. Is t a prime number?
True
Is 247494 + 1 - -31 - (10 + -1) a prime number?
False
Let k = -1 - -1. Let a be (-1 + 2)/(-17) + 19/323. Suppose k = m - 2*f - 195 - 8, 4*m + 5*f - 864 = a. Is m a composite number?
False
Suppose -4*f - 14 = -10. Let q(w) = -6*w**2 - w. Let h be q(f). Is -11337*((-70)/(-15) + h) a prime number?
True
Suppose 0 = 3*t - 2*x - 149862 - 22925, -4*x + 230356 = 4*t. Is t a composite number?
False
Suppose -3*b = 4*y - 178371, y - b = 29366 + 15218. Let l = y + -29998. Is l prime?
True
Let y(q) = -88*q**3 - 7*q**2 - q + 5. Let o(t) = -3*t**2 + 4*t + 1. Let n be o(2). Let v be y(n). Suppose -12*x + x = -v. Is x a prime number?
True
Suppose 11*z = z + 70. Suppose -6317 - 23062 = -z*i. Is i prime?
False
Let k(r) = 352*r + 49. Suppose -24 = -12*v + 8*v. Is k(v) a composite number?
False
Suppose -5*t - 5 = 0, 3 = l + 3*t - 5*t. Let u be 1/(6/(-33))*(-3 + l). Let m(g) = g**3 - 2*g**2 - 7*g - 21. Is m(u) composite?
False
Suppose -10*u - 2*g + 2955920 = 0, -g + 57507 = u - 238089. Is u a composite number?
False
Suppose 0 = f - 4*f + 6. Let b = 90 - 86. Is 957 - (8 - b - f) a prime number?
False
Let i = 105 - 53. Suppose 25*u + 60831 = i*u. Is u a prime number?
False
Let d = 6896 + -6645. Is d a prime number?
True
Let x(h) = 22370*h**2 - 28*h + 341. Is x(5) prime?
True
Let w(p) be the first derivative of -p**4/4 + 2*p**2 - p + 33. Suppose 3 = 2*x - 5*l, 46 - 4 = -5*x - 4*l. Is w(x) composite?
False
Let x(f) = 10*f - 115. Let a be x(12). Suppose -a*m + 86219 = -35966. Is m a composite number?
True
Let i(z) = -869*z**3 + 10*z**2 + 158*z + 847. Is i(-6) prime?
True
Suppose -5*t = s - 14286, -2*s - 14298 = 5*t - 10*t. Let l = t - 1905. Is l prime?
True
Let a be (-26)/(2 + 6/(-6)) + 4. Let b(u) = -516*u + 313. Is b(a) a composite number?
True
Is (-18)/(-279) + 337371/31 composite?
False
Let c = -4086 + 5263. Is c a composite number?
True
Suppose 712 - 187 = 21*d. Is (-2)/10 - (-80580)/d a prime number?
False
Is ((-7)/(-5) - (-769338)/5) + 1*-4 prime?
False
Let o = 3956 - 2645. Let c = 2619 - o. Suppose -c = -q + 53. Is q a composite number?
False
Suppose -f - 2*g = 2786 + 6128, 17793 = -2*f + 3*g. Let s = f + 16882. Is s composite?
True
Let w = 150527 - 107148. Is w composite?
True
Suppose 24 = -4*